e value of 4 + -1 - (0 + (12 - 9))?
0
What is the value of 0 - 4 - (0 + (-1 - 1))?
-2
Calculate 0 + -3 + -7 + 9 - 2.
-3
What is (2 - 4 - 0) + 11 + -7?
2
What is -11 - (-9 - 13 - -11)?
0
Calculate 2 - 6 - (-10 + 1).
5
(-2 - 5) + 4 + 0 + 8
5
What is the value of (0 - -4) + 1 + (5 - 10)?
0
What is the value of (0 - 2) + 7 + -8?
-3
Calculate 5 + -6 + 4 - (10 + -2).
-5
(1 - 4) + (-6 - -5)
-4
What is the value of 1 + -6 + 11 + -4 + -4?
-2
6 + (-3 - -1) - 6
-2
Evaluate 5 - ((19 - (6 + -1)) + -4).
-5
-6 - (-5 + 0 - -1)
-2
Calculate -10 + 7 + 1 + 0.
-2
(29 - 25) + (2 + -1 - 1)
4
What is the value of -3 - -2 - (1 - -3)?
-5
What is 3 - -3 - (-2 - -3)?
5
Evaluate -4 - (6 + -4 - 1).
-5
Evaluate 15 + -14 - (-1 + 7).
-5
What is (-10 - (-3 - 3) - -2) + 7?
5
Evaluate (-14 - 0) + (16 - (8 + 1)).
-7
Evaluate -1 + 5 + -5 + (-2 - -2).
-1
What is the value of (2 - -5) + (-15 - -7)?
-1
Calculate -155 + 164 + -14 + -1.
-6
(-3 - (-1 - 0)) + 2
0
What is (6 - 10) + (-7 - -3) + 9?
1
What is the value of 0 - (5 + -1 - (0 - 0))?
-4
What is -2 - (-4 + (11 - 6))?
-3
What is 6 - (-5 + (1 - 0)) - 7?
3
What is the value of (-6 + 16 - 8) + 5 + -15?
-8
What is 3 - -3 - 1 - (-2 + -1)?
8
Calculate 2 - -6 - (2 + 1).
5
What is the value of 9 - -1 - (10 + (-4 - 0))?
4
Calculate 4 - (-1 - 6 - (-11 - 0)).
0
What is 1 + 0 + 8 + -11?
-2
What is 2 + -13 + 15 + -13?
-9
What is (-7 - (-2 - 0)) + 6?
1
Evaluate 3 - -1 - (1 - -5) - 3.
-5
(-18 - -14) + (-1 - -2)
-3
Evaluate (-7 - -2) + (-1 - -9) + -3.
0
Evaluate 9 + -12 - (3 - 1).
-5
What is the value of -3 - (-4 - (1 - 3))?
-1
What is -1 - (4 + -5 + 1)?
-1
Evaluate (3 - 13) + 4 - -5.
-1
(0 - 2 - 0) + 2
0
What is -2 + -10 + -1 + 4?
-9
What is the value of (1 - -3) + 0 + -7 + 5?
2
6 + (1 - 2) + -8
-3
Calculate -3 - (1 + -8 + (0 - -3)).
1
What is the value of 3 - ((-5 - -8) + 4)?
-4
Evaluate -4 + -2 + (3 - -3).
0
-1 - (1 - (-9 + 2 - -4))
-5
Calculate -1 + -2 - (-2 + 0 + 1).
-2
Evaluate 4 + (13 - (-8 + 17)).
8
What is 0 - (-4 - (3 + -6 + -2))?
-1
Evaluate (-7 - -3) + (4 - (3 + -2)).
-1
What is 11 + (-5 - (-3 - -4))?
5
What is -8 + 3 + 10 + (2 - 3)?
4
Evaluate -1 + (5 - 3) + 1 + -3.
-1
What is the value of -2 + 1 + (1 - (-1 + 0))?
1
Calculate (20 - 8) + -12 + 7 + 0.
7
Calculate -12 + (17 - -2) - (0 - -4).
3
What is the value of 14 + -25 - -9 - 0?
-2
Calculate -20 - -23 - (1 + 8).
-6
What is -1 + 7 + (-10 - (-4 - 1))?
1
What is -7 + -7 + 21 + -1?
6
Evaluate (-2 - -8) + -3 - 8.
-5
What is 0 + 2 + (-3 - -4)?
3
Evaluate 4 + (-2 - -4) + (-5 - -2).
3
-1 + 1 + -4 + 6
2
What is -33 + 37 - (-1 - -6)?
-1
-1 + (3 - 0) + 0 + -2
0
(3 - -7) + -13 - (-1 - -3)
-5
(0 - -11) + -15 + 10
6
Calculate 3 + (-5 - -9) + (-12 - -1).
-4
-8 - -6 - (3 + -1)
-4
What is -12 + 0 + 5 + -1 + 2?
-6
(-5 - (0 - (-1 + 4))) + 6
4
Evaluate (-22 - -15) + 13 + (-4 - 2).
0
-4 + (-6 - -7) - (0 - 5)
2
Evaluate -5 + -1 + 4 + (-11 - -15).
2
Calculate (8 - (-2 - (-8 + 1))) + -8.
-5
Evaluate 6 - ((9 - 3) + 6).
-6
1 + -4 + (14 - 0) + -9
2
(-14 - (3 + -8)) + 14
5
Evaluate (15 - 29) + 5 + 0 + 3.
-6
What is the value of 0 - (-2 - -7) - (-2 + 0)?
-3
What is the value of (-14 - -12) + 4 - 5?
-3
3 - (2 - (2 + -3))
0
(-9 - -6) + -2 + 3
-2
Evaluate -7 + 10 - (0 + 7).
-4
(1 - 2) + (6 + 4 - 10)
-1
-6 + 7 + 0 - -3
4
Evaluate 8 - (10 + -7 - -10).
-5
Evaluate -1 - (2 + (0 + -2 - 3)).
2
Evaluate -1 + 4 + (2 - 7) + 3.
1
Evaluate (2 - (2 + 0) - 4) + 5.
1
Calculate (0 - (-2 - -6)) + 2 + -2.
-4
-6 - -12 - 3 - 1 - -4
6
What is the value of -2 + 1 + (-3 - -2) + 2?
0
Evaluate 3 + 0 - (-44 - -53).
-6
Evaluate (-4 - 2 - 4) + 19.
9
What is -9 - -12 - 16 - -7?
-6
Evaluate 7 + (0 - (2 + 1)).
4
What is the value of 3 + 4 - (3 + -4 - -3)?
5
What is (-111 - -111) + -1 + 1 + 1?
1
Evaluate -11 + (0 - -21 - 10).
0
What is the value of 2 + -1 + -5 - (13 - 16)?
-1
Evaluate -15 - -13 - (5 - (0 + 2)).
-5
Evaluate -13 + 4 + 1 + 5.
-3
Calculate 1 - (3 - -3 - 15).
10
Calculate 1 + (-54 + 48 - (-1 + -8)).
4
1 + (-2 - -5) + 1 + -4
1
What is 2 - ((3 - 2) + 5)?
-4
What is 13 + 5 + 0 - 8?
10
What is 3 - ((2 - -1) + -4)?
4
9 + -6 - 7 - -4 - -3
3
Evaluate 4 + (7 + -2 - 6).
3
-5 - -2 - (-2 - (-2 + 2))
-1
Evaluate -8 + 9 + -7 + 6.
0
What is 5 + (-19 - -7) + 4?
-3
What is -8 + (2 - (1 + 1)) + 4?
-4
What is the value of -1 + 1 - (1 - 4) - 8?
-5
Calculate (-3 - (-6 + 4)) + (0 - -1).
0
-4 + 4 + 0 + 2
2
What is -3 - 0 - (-9 - -3)?
3
What is the value of 3 - 0 - (27 + -17 - 15)?
8
What is 9 - (-8 + 16) - -1?
2
What is -2 - (-6 - (2 - 11))?
-5
What is the value of 6 - (7 - (9 - -2) - -11)?
-1
Evaluate 3 + -2 + 3 + -1.
3
Calculate (15 - (9 + 1)) + -7.
-2
-3 + 4 + 0 + -2 + 0
-1
What is the value of 2 + -2 + (-4 - -2) + 2?
0
What is 0 - (0 + -1 + -4 - -8)?
-3
What is (5 - -1) + -8 + 3 - -1?
2
Calculate (-1 - -4) + -2 + (1 - -2).
4
Calculate (-16 - -7) + 2 - -11.
4
What is 1 + (-8 - (-2 - 1))?
-4
Calculate (167 - 164) + (1 - (0 - -6)).
-2
-5 + 2 + -1 + 0
-4
What is 2 - 2 - 11 - -7?
-4
What is 7 + -1 - (-12 - -18) - -2?
2
What is (-6 + 12 - 8) + -2?
-4
Evaluate -5 + 4 + -4 + 5 - 1.
-1
Evaluate (0 - (-1 + -3) - 2) + -4.
-2
What is -8 + 3 + 6 - (-2 + -4)?
7
Evaluate 0 + (-3 - 6 - (7 + -14)).
-2
What is 19 + -12 + (3 - 5)?
5
Evaluate 2 - (4 + -7 + 8).
-3
What is the value of 0 + -2 + (2 + -10 - -13)?
3
What is 3 - (3 - -2) - (3 + -4)?
-1
What is the value of 3 - (1 - (-2 + -4))?
-4
5 + (-2 - -4) + -2
5
What is (-7 - 0) + 2 + -1?
-6
3 - (10 + -5 - 6)
4
Calculate 7 + -18 + 14 + -12.
-9
Evaluate 2 - (1 + 0 - (-26 + 25)).
0
Calculate -5 - -11 - (15 + -1 - 3).
-5
What is the value of 1 + -1 + (14 - 16)?
-2
15 - -1 - 3 - 11
2
Evaluate 5 - -1 - 13 - -6.
-1
Evaluate -3 - (0 - 5) - -3.
5
What is -6 - (-3 + (-8 - 4))?
9
Calculate -11 - (-3 + 10 + -16).
-2
Calculate (-7 - -3) + 12 + -4.
4
Evaluate (1 - 2) + 13 + -10.
2
What is -3 + 8 + -7 - 2?
-4
(2 - (-2 + -1)) + -7
-2
Evaluate 0 + -2 - (-2 + 3) - 2.
-5
What is (9 + -4 - (2 - 1)) + -11?
-7
What is the value of 0 - (-6 + 5) - -2 - 3?
0
Calculate 6 - ((-3 - -5 - -8) + -5).
1
What is the value of 7 + (4 - 4) + -13 - -6?
0
What is the value of -6 - (-20 + 9) - (-2 + 4)?
3
Calculate -1 - 0 - (0 - 0).
-1
Calculate 3 - (0 - (11 - 7)) - 7.
0
Evaluate -9 + 3 + (-8 - -13).
-1
What is the value of (-11 - -17) + (-7 - 0) + -3?
-4
What is -3 + -4 - -2 - -7?
2
What is 3 + -6 + (-3 - (-3 + 0))?
-3
What is the value of -9 + 9 + (0 - 1) + -3?
-4
-1 + (-6 - (6 - 8))
-5
Evaluate -4 + (-3 + 12 + -5 - -2).
2
What is -2 + (-2 - (-2 - (-5 + 5)))?
-2
What is -2 + 2 - (-1 + -2 - 0)?
3
What is 2 + -1 + 6 + -3?
4
Evaluate -14 + 14 - (0 + 5 - -1).
-6
Evaluate 0 + -1 + 1 - (-1 - 2).
3
Calculate 6 + 0 + (0 - 2) - 9.
-5
-2 + -6 + 7 + -3
-4
What is 2 - (8 - 4 - 5)?
3
(-7 - 2) + (2 - 8 - -11)
-4
What is 9 - ((5 - 6) + 15)?
-5
-4 + (4 + 12 - 4 - 7)
1
Evaluate -6 + 3 + -5 + 4.
-4
2 + 3 - (4 - -3)
-2
Evaluate -2 + (2 - (6 - (-4 - -9))).
-1
Calculate 1 + -4 + 3 - (-7 + 12).
-5
What is 3 + -6 + -4 + 8?
1
What is (-3 - (-9 + 4)) + -3?
-1
What is 1 - (6 - (18 + -7 - 1))?
5
(-1 - -3) + -2 - (4 + -2)
-2
What is (21 - 17) + 1 + 1?
6
(5 - 4) + -1 + -1 + 1
0
What is the value of -6 + (-4 + 3 + 7 - -7)?
7
Evaluate 8 + -9 + (-4 - (-12 + 4)).
3
What is (-1 - -6 - 14) + 12?
3
What is (1 - 2) + 12 + (2 - 9)?
4
Calculate (-13 - -13 - (-5 + 2)) + -4.
-1
6 + (-8 - -8) + -1
5
Evaluate 6 + -4 + 3 + -7.
-2
1 + (0 - -2 - (4 + -6))
5
Evaluate 9 - 7 - (3 - -1).
-2
What is the value of 1 + (1 + (0 - -3) - 0)?
5
Evaluate -2 + 4 + -7 + (-5 - -11).
1
6 + 1 + -11 + 6
2
Calculate 8 + (2 - (-4 + 11)).
3
What is 1 - (2 + 0 + 2) - -3?
0
What is -14 + -8 + 27 + -8?
-3
What is 3 - (-5 - (-2 + -6))?
0
What is 7 + (-2 - 1 - (-11 - -12))?
3
What is the value of (5 - 8) + 0 - 4 - -4?
-3
-8 - (-5 + (2 - 4)) - -4
3
What is the value of -3 + 3 + 4 + (-13 - -5)?
-4
Calculate 2 + 2 + 4 + -4.
4
What is the value of 6 - (-10 + (1 - -7))?
8
5 - 1 - (6 + 6)
-8
Calculate 3 - 5 - -6 - 0 - 5.
-1
What is the value of -7 + 7 - -1 - (-2 + 2)?
1
12 + -10 + (-3 + 2 - 6)
-5
What is 3 + -6 + 1 + 1 + -3?
-4
Evaluate 6 + -8 - (5 - 2).
-5
(-1 - -5) + (10 - 13) - 2
-1
What is the value of 0 + (3 - (0 + 8))?
-5
Evaluate -2 + (-1 - -1) + 23 + -24.
-3
What is 2 + -4 - (3 + -11 + 1)?
5
Calculate -3 + 6 + -1 - -3.
5
What is -1 + (-4 - -6) - 0?
1
(1 - 3) + (13 - 5)
6
What is the value of (1 - 1) + 0 + 1 - -2?
3
1 + 